{"id":17,"date":"2019-12-18T21:10:35","date_gmt":"2019-12-18T20:10:35","guid":{"rendered":"http:\/\/new.parafiajazowsko.pl\/?page_id=17"},"modified":"2020-12-22T11:22:57","modified_gmt":"2020-12-22T10:22:57","slug":"adoracja","status":"publish","type":"page","link":"http:\/\/parafiajazowsko.pl\/index.php\/adoracja\/","title":{"rendered":"Adoracja"},"content":{"rendered":"\r\n\r\n\r\n<p style=\"text-align: justify;\">Pami\u0119tajmy nauczanie Jana Paw\u0142a II <em>\u201eB\u0105d\u017acie pewni, \u017ce ze wszystkich moment\u00f3w waszego \u017cycia, czas jaki sp\u0119dzicie przed Boskim Sakramentem, b\u0119dzie tym czasem , w kt\u00f3rym zdob\u0119dziecie najwi\u0119cej si\u0142y w ci\u0105gu \u017cycia, b\u0119dzie najbardziej pocieszaj\u0105cym w godzin\u0119 \u015bmierci i wieczno\u015bci.&#8221;<\/em><\/p>\r\n\r\n\r\n\r\n<p style=\"text-align: justify;\">&nbsp;I my jak wsp\u00f3lnota parafialna gromad\u017amy si\u0119 przed Naj\u015bwi\u0119tszym Sakramentem.<\/p>\r\n\r\n\r\n\r\n<p style=\"text-align: justify;\">Adoracja w ka\u017cdy <strong>czwartek w godzinach 15 -18.<\/strong><\/p>\r\n\r\n\r\n\r\n<p style=\"text-align: justify;\">&nbsp;Zapraszamy do uczestnictwa w Cichej Adoracji Naj\u015bwi\u0119tszego Sakramentu.<\/p>\r\n\r\n\r\n\r\n\r\n\r\n<p style=\"text-align: justify;\">&nbsp;Pami\u0119tajmy nauczanie Jana Paw\u0142a II <em>\u201eB\u0105d\u017acie pewni, \u017ce ze wszystkich moment\u00f3w waszego \u017cycia, czas jaki sp\u0119dzicie przed Boskim Sakramentem, b\u0119dzie tym czasem , w kt\u00f3rym zdob\u0119dziecie najwi\u0119cej si\u0142y w ci\u0105gu \u017cycia, b\u0119dzie najbardziej pocieszaj\u0105cym w godzin\u0119 \u015bmierci i wieczno\u015bci.&#8221;<\/em><\/p>\r\n\r\n\r\n\r\n<p style=\"text-align: justify;\">\u015aw. Ojciec Pio pisa\u0142: <em>\u201e Tysi\u0105c lat sp\u0119dzonych w\u015br\u00f3d chwa\u0142y ludzi nie mo\u017cna por\u00f3wnywa\u0107 nawet z jedn\u0105 godzin\u0105 przebyt\u0105 na rozmowie lub zupe\u0142nym milczeniu z Jezusem Eucharystycznym.&#8221;<\/em><\/p>\r\n\r\n\r\n\r\n<p style=\"text-align: justify;\">I my jak wsp\u00f3lnota parafialna gromad\u017amy si\u0119 przed Naj\u015bwi\u0119tszym Sakramentem. Adoracja w ka\u017cdy <strong>czwartek w godzinach 15 -18.<\/strong><\/p>\r\n\r\n\r\n\r\n<p style=\"text-align: justify;\">Lista os\u00f3b kt\u00f3re zobowi\u0105za\u0142y si\u0119 do adoracji w sta\u0142ych godzinach:<\/p>\r\n\r\n\r\n\r\n<p style=\"text-align: justify;\"><strong>15:00-16:00<\/strong><\/p>\r\n\r\n\r\n\r\n<p style=\"text-align: justify;\">Maria Mamala, Natalia Szopi\u0144ska, Zofia Pietruszka, Maria Bielak, J\u00f3zefa Poparda, El\u017cbieta Ciesielka<\/p>\r\n\r\n\r\n\r\n<p style=\"text-align: justify;\"><strong>16:00-17:00<\/strong><\/p>\r\n\r\n\r\n\r\n<p style=\"text-align: justify;\">Teresa Kolasa, Janina Koza, Waleria Stec, Michalina Nowog\u00f3rska, Kazimiera Zasadna, J\u00f3zef Janik, Gra\u017cyna Janik<\/p>\r\n\r\n\r\n\r\n<p style=\"text-align: justify;\"><strong>17:00-18:00<\/strong><\/p>\r\n\r\n\r\n\r\n<p style=\"text-align: justify;\">Zofia Ciwi\u0144ska, Stanis\u0142awa Skocze\u0144, Barbara Tokarz, Zofia Mizia, Agata Owsianka, Maria Owsianka<\/p>\r\n\r\n\r\n\r\n<p style=\"text-align: justify;\">Zapraszamy do uczestnictwa w Cichej Adoracji Naj\u015bwi\u0119tszego Sakramentu.<\/p>\r\n","protected":false},"excerpt":{"rendered":"<p>Pami\u0119tajmy nauczanie Jana Paw\u0142a II \u201eB\u0105d\u017acie pewni, \u017ce ze wszystkich moment\u00f3w waszego \u017cycia, czas jaki sp\u0119dzicie przed Boskim Sakramentem, b\u0119dzie tym czasem , w kt\u00f3rym zdob\u0119dziecie najwi\u0119cej si\u0142y w ci\u0105gu \u017cycia, b\u0119dzie najbardziej pocieszaj\u0105cym w godzin\u0119 \u015bmierci i wieczno\u015bci.&#8221; &nbsp;I my jak wsp\u00f3lnota parafialna gromad\u017amy si\u0119 przed Naj\u015bwi\u0119tszym Sakramentem. Adoracja w ka\u017cdy czwartek w godzinach [&hellip;]<\/p>\n","protected":false},"author":1,"featured_media":0,"parent":0,"menu_order":0,"comment_status":"closed","ping_status":"closed","template":"","meta":{"ngg_post_thumbnail":0,"footnotes":""},"class_list":["post-17","page","type-page","status-publish","hentry"],"_links":{"self":[{"href":"http:\/\/parafiajazowsko.pl\/index.php\/wp-json\/wp\/v2\/pages\/17","targetHints":{"allow":["GET"]}}],"collection":[{"href":"http:\/\/parafiajazowsko.pl\/index.php\/wp-json\/wp\/v2\/pages"}],"about":[{"href":"http:\/\/parafiajazowsko.pl\/index.php\/wp-json\/wp\/v2\/types\/page"}],"author":[{"embeddable":true,"href":"http:\/\/parafiajazowsko.pl\/index.php\/wp-json\/wp\/v2\/users\/1"}],"replies":[{"embeddable":true,"href":"http:\/\/parafiajazowsko.pl\/index.php\/wp-json\/wp\/v2\/comments?post=17"}],"version-history":[{"count":3,"href":"http:\/\/parafiajazowsko.pl\/index.php\/wp-json\/wp\/v2\/pages\/17\/revisions"}],"predecessor-version":[{"id":1671,"href":"http:\/\/parafiajazowsko.pl\/index.php\/wp-json\/wp\/v2\/pages\/17\/revisions\/1671"}],"wp:attachment":[{"href":"http:\/\/parafiajazowsko.pl\/index.php\/wp-json\/wp\/v2\/media?parent=17"}],"curies":[{"name":"wp","href":"https:\/\/api.w.org\/{rel}","templated":true}]}}