{"id":24,"date":"2019-12-18T21:17:04","date_gmt":"2019-12-18T20:17:04","guid":{"rendered":"http:\/\/new.parafiajazowsko.pl\/?page_id=24"},"modified":"2025-08-30T09:41:15","modified_gmt":"2025-08-30T07:41:15","slug":"duszpasterze","status":"publish","type":"page","link":"http:\/\/parafiajazowsko.pl\/index.php\/duszpasterze\/","title":{"rendered":"Duszpasterze"},"content":{"rendered":"\r\n<p style=\"text-align: justify;\"><strong>\u00a0<span style=\"color: #a61616; font-size: 18pt;\"> \u00a0 \u00a0 \u00a0 <\/span><\/strong><\/p>\r\n<p><img loading=\"lazy\" decoding=\"async\" class=\"wp-image-1840 alignright\" src=\"http:\/\/parafiajazowsko.pl\/wp-content\/uploads\/2020\/12\/modlitwa-ktora-wyjasnia-eucharystie.jpg\" alt=\"\" width=\"660\" height=\"422\" srcset=\"http:\/\/parafiajazowsko.pl\/wp-content\/uploads\/2020\/12\/modlitwa-ktora-wyjasnia-eucharystie.jpg 925w, http:\/\/parafiajazowsko.pl\/wp-content\/uploads\/2020\/12\/modlitwa-ktora-wyjasnia-eucharystie-300x192.jpg 300w, http:\/\/parafiajazowsko.pl\/wp-content\/uploads\/2020\/12\/modlitwa-ktora-wyjasnia-eucharystie-768x492.jpg 768w\" sizes=\"auto, (max-width: 660px) 100vw, 660px\" \/><\/p>\r\n<p style=\"text-align: center;\"><span style=\"font-size: 18pt;\"><strong><span style=\"font-family: 'book antiqua', palatino, serif;\">KAP\u0141ANI PRACUJ\u0104CY W PARAFII:<\/span><\/strong><\/span><\/p>\r\n<p><span style=\"font-family: 'book antiqua', palatino, serif; color: #000000;\">\r\n\r\n<\/span><\/p>\r\n<p style=\"text-align: left;\"><br \/><span style=\"font-family: 'book antiqua', palatino, serif; font-size: 14pt;\">Imi\u0119 i nazwisko: <strong>Ks. mgr Miros\u0142aw Papier<\/strong><\/span><br \/><span style=\"font-family: 'book antiqua', palatino, serif; font-size: 14pt;\">Funkcja w parafii: <strong>Proboszcz<\/strong><\/span><br \/><span style=\"font-family: 'book antiqua', palatino, serif; font-size: 14pt;\">Od kiedy w parafii: <strong>2011 r.<\/strong><\/span><br \/><span style=\"font-family: 'book antiqua', palatino, serif; font-size: 14pt;\">\u00a0\u00a0\u00a0 \u00a0\u00a0\u00a0 \u00a0\u00a0\u00a0 <\/span><br \/><span style=\"font-family: 'book antiqua', palatino, serif; font-size: 14pt;\">Imi\u0119 i nazwisko: <strong>Ks. mgr lic. Mateusz Odziomek<\/strong><\/span><br \/><span style=\"font-family: 'book antiqua', palatino, serif; font-size: 14pt;\">Funkcja w parafii: <strong>Wikariusz<\/strong><\/span><br \/><span style=\"font-family: 'book antiqua', palatino, serif; font-size: 14pt;\">Od kiedy w parafii: <strong>2020 r.<\/strong><\/span><br \/><span style=\"font-family: 'book antiqua', palatino, serif; font-size: 14pt;\">\u00a0\u00a0\u00a0 \u00a0\u00a0\u00a0 \u00a0\u00a0\u00a0 <\/span><br \/><span style=\"font-family: 'book antiqua', palatino, serif; font-size: 14pt;\">Imi\u0119 i nazwisko: <strong>Ks. mgr Stanis\u0142aw Czernecki<\/strong><\/span><br \/><span style=\"font-family: 'book antiqua', palatino, serif; font-size: 14pt;\">Funkcja w parafii: <strong>Rezydent<\/strong><\/span><br \/><span style=\"font-family: 'book antiqua', palatino, serif; font-size: 14pt;\">Od kiedy w parafii: <strong>1991 r.<\/strong><\/span><br \/><span style=\"font-family: 'book antiqua', palatino, serif; font-size: 14pt;\">\u00a0 \u00a0 \u00a0 \u00a0 \u00a0 \u00a0\u00a0<\/span><br \/><br \/><\/p>\r\n","protected":false},"excerpt":{"rendered":"<p>\u00a0 \u00a0 \u00a0 \u00a0 KAP\u0141ANI PRACUJ\u0104CY W PARAFII: Imi\u0119 i nazwisko: Ks. mgr Miros\u0142aw PapierFunkcja w parafii: ProboszczOd kiedy w parafii: 2011 r.\u00a0\u00a0\u00a0 \u00a0\u00a0\u00a0 \u00a0\u00a0\u00a0 Imi\u0119 i nazwisko: Ks. mgr lic. Mateusz OdziomekFunkcja w parafii: WikariuszOd kiedy w parafii: 2020 r.\u00a0\u00a0\u00a0 \u00a0\u00a0\u00a0 \u00a0\u00a0\u00a0 Imi\u0119 i nazwisko: Ks. mgr Stanis\u0142aw CzerneckiFunkcja w parafii: RezydentOd kiedy w [&hellip;]<\/p>\n","protected":false},"author":1,"featured_media":0,"parent":0,"menu_order":0,"comment_status":"closed","ping_status":"closed","template":"","meta":{"ngg_post_thumbnail":0,"footnotes":""},"class_list":["post-24","page","type-page","status-publish","hentry"],"_links":{"self":[{"href":"http:\/\/parafiajazowsko.pl\/index.php\/wp-json\/wp\/v2\/pages\/24","targetHints":{"allow":["GET"]}}],"collection":[{"href":"http:\/\/parafiajazowsko.pl\/index.php\/wp-json\/wp\/v2\/pages"}],"about":[{"href":"http:\/\/parafiajazowsko.pl\/index.php\/wp-json\/wp\/v2\/types\/page"}],"author":[{"embeddable":true,"href":"http:\/\/parafiajazowsko.pl\/index.php\/wp-json\/wp\/v2\/users\/1"}],"replies":[{"embeddable":true,"href":"http:\/\/parafiajazowsko.pl\/index.php\/wp-json\/wp\/v2\/comments?post=24"}],"version-history":[{"count":16,"href":"http:\/\/parafiajazowsko.pl\/index.php\/wp-json\/wp\/v2\/pages\/24\/revisions"}],"predecessor-version":[{"id":6710,"href":"http:\/\/parafiajazowsko.pl\/index.php\/wp-json\/wp\/v2\/pages\/24\/revisions\/6710"}],"wp:attachment":[{"href":"http:\/\/parafiajazowsko.pl\/index.php\/wp-json\/wp\/v2\/media?parent=24"}],"curies":[{"name":"wp","href":"https:\/\/api.w.org\/{rel}","templated":true}]}}