{"id":26,"date":"2019-12-18T21:19:00","date_gmt":"2019-12-18T20:19:00","guid":{"rendered":"http:\/\/new.parafiajazowsko.pl\/?page_id=26"},"modified":"2022-02-19T15:20:14","modified_gmt":"2022-02-19T14:20:14","slug":"grupa-apostolska","status":"publish","type":"page","link":"http:\/\/parafiajazowsko.pl\/index.php\/grupa-apostolska\/","title":{"rendered":"Katolickie Stowarzyszenie M\u0142odzie\u017cy"},"content":{"rendered":"\r\n<pre style=\"text-align: center;\"><span style=\"font-family: 'book antiqua', palatino, serif;\"><strong><span style=\"font-size: 24pt;\">KATOLICKIE STOWARZYSZENIE M\u0141ODZIE\u017bY (KSM)  <\/span><\/strong><\/span><\/pre>\r\n<pre style=\"text-align: center;\"><span style=\"font-family: 'book antiqua', palatino, serif;\"><strong><span style=\"font-size: 24pt;\">IM. \u015aW. JANA PAW\u0141A II<\/span><\/strong><\/span><\/pre>\r\n<p>&nbsp;<\/p>\r\n<p><img loading=\"lazy\" decoding=\"async\" class=\"wp-image-1845 alignright\" src=\"http:\/\/parafiajazowsko.pl\/wp-content\/uploads\/2020\/12\/swiety-jan-pawel-ii-baner-reli_8664-scaled.jpg\" alt=\"\" width=\"546\" height=\"887\" srcset=\"http:\/\/parafiajazowsko.pl\/wp-content\/uploads\/2020\/12\/swiety-jan-pawel-ii-baner-reli_8664-scaled.jpg 1576w, http:\/\/parafiajazowsko.pl\/wp-content\/uploads\/2020\/12\/swiety-jan-pawel-ii-baner-reli_8664-185x300.jpg 185w, http:\/\/parafiajazowsko.pl\/wp-content\/uploads\/2020\/12\/swiety-jan-pawel-ii-baner-reli_8664-630x1024.jpg 630w, http:\/\/parafiajazowsko.pl\/wp-content\/uploads\/2020\/12\/swiety-jan-pawel-ii-baner-reli_8664-768x1248.jpg 768w, http:\/\/parafiajazowsko.pl\/wp-content\/uploads\/2020\/12\/swiety-jan-pawel-ii-baner-reli_8664-945x1536.jpg 945w, http:\/\/parafiajazowsko.pl\/wp-content\/uploads\/2020\/12\/swiety-jan-pawel-ii-baner-reli_8664-1260x2048.jpg 1260w\" sizes=\"auto, (max-width: 546px) 100vw, 546px\" \/><\/p>\r\n<p>&nbsp;<\/p>\r\n<p>&nbsp;<\/p>\r\n<p style=\"text-align: justify;\"><span style=\"font-size: 14pt; font-family: 'book antiqua', palatino, serif;\">To przede wszystkim wsp\u00f3lnota ludzi m\u0142odych, kt\u00f3rzy pragn\u0105 poznawa\u0107 Boga i pog\u0142\u0119bia\u0107 swoj\u0105 wiar\u0119. Poprzez wsp\u00f3lne spotkania i zamy\u015blenia nad S\u0142owem Bo\u017cym, staramy si\u0119 zacie\u015bnia\u0107 nasz\u0105 relacj\u0119 z Panem Bogiem a tak\u017ce mi\u0119dzy sob\u0105. Czas po\u015bwi\u0119cony dla Pana Boga i dla drugiego cz\u0142owieka nigdy nie jest czasem straconym. Dlatego w naszej wsp\u00f3lnocie liczy si\u0119 otwarto\u015b\u0107, \u017cyczliwo\u015b\u0107, wsp\u00f3\u0142praca, zaufanie a przede wszystkim skupienie uwagi na Bogu, kt\u00f3ry stoi w centrum naszych spotka\u0144, naszych wsp\u00f3lnych inicjatyw i dzia\u0142a\u0144, bez Kt\u00f3rego nasze spotkania nie mia\u0142y by sensu.<\/span><\/p>\r\n<p>&nbsp;<\/p>\r\n<p style=\"text-align: center;\"><span style=\"font-size: 14pt;\"><strong><span style=\"font-family: 'book antiqua', palatino, serif;\">Obecnie Grupa KSM-u liczy 49 cz\u0142onk\u00f3w.<\/span><\/strong><\/span><\/p>\r\n<p style=\"text-align: center;\"><span style=\"font-family: 'book antiqua', palatino, serif; font-size: 14pt;\">Opiekun grup: <strong>Ks. Mateusz Odziomek<\/strong><\/span><\/p>\r\n<p><span style=\"font-size: 14pt; font-family: 'book antiqua', palatino, serif;\">\r\n\r\n\r\n\r\n\r\n\r\n\r\n\r\n<\/span><\/p>\r\n<p style=\"text-align: center;\"><span style=\"font-size: 14pt; font-family: 'book antiqua', palatino, serif;\"><strong><span style=\"font-size: 18pt;\">!!! M\u0141ODY CZ\u0141OWIEKU !!!<\/span> <\/strong><\/span><\/p>\r\n<p style=\"text-align: justify;\"><span style=\"font-size: 14pt; font-family: 'book antiqua', palatino, serif;\"><strong>Je\u015bli chcesz wsp\u00f3lnie z nami modli\u0107 si\u0119 poprzez rozwa\u017canie Pisma \u015awi\u0119tego, pog\u0142\u0119bi\u0107 swoj\u0105 wiar\u0119 i przyja\u017a\u0144 z Panem Bogiem a tak\u017ce aktywnie uczestniczy\u0107 w\u00a0 wydarzeniach \u017cycia parafii to do\u0142\u0105cz do nas! Nigdy nas nie b\u0119dzie za du\u017co! Im wi\u0119cej ludzi chwali Boga, tym wi\u0119ksza jest Jego i nasza rado\u015b\u0107!<\/strong><\/span><\/p>\r\n","protected":false},"excerpt":{"rendered":"<p>KATOLICKIE STOWARZYSZENIE M\u0141ODZIE\u017bY (KSM) IM. \u015aW. JANA PAW\u0141A II &nbsp; &nbsp; &nbsp; To przede wszystkim wsp\u00f3lnota ludzi m\u0142odych, kt\u00f3rzy pragn\u0105 poznawa\u0107 Boga i pog\u0142\u0119bia\u0107 swoj\u0105 wiar\u0119. Poprzez wsp\u00f3lne spotkania i zamy\u015blenia nad S\u0142owem Bo\u017cym, staramy si\u0119 zacie\u015bnia\u0107 nasz\u0105 relacj\u0119 z Panem Bogiem a tak\u017ce mi\u0119dzy sob\u0105. Czas po\u015bwi\u0119cony dla Pana Boga i dla drugiego cz\u0142owieka [&hellip;]<\/p>\n","protected":false},"author":1,"featured_media":0,"parent":0,"menu_order":0,"comment_status":"closed","ping_status":"closed","template":"","meta":{"ngg_post_thumbnail":0,"footnotes":""},"class_list":["post-26","page","type-page","status-publish","hentry"],"_links":{"self":[{"href":"http:\/\/parafiajazowsko.pl\/index.php\/wp-json\/wp\/v2\/pages\/26","targetHints":{"allow":["GET"]}}],"collection":[{"href":"http:\/\/parafiajazowsko.pl\/index.php\/wp-json\/wp\/v2\/pages"}],"about":[{"href":"http:\/\/parafiajazowsko.pl\/index.php\/wp-json\/wp\/v2\/types\/page"}],"author":[{"embeddable":true,"href":"http:\/\/parafiajazowsko.pl\/index.php\/wp-json\/wp\/v2\/users\/1"}],"replies":[{"embeddable":true,"href":"http:\/\/parafiajazowsko.pl\/index.php\/wp-json\/wp\/v2\/comments?post=26"}],"version-history":[{"count":15,"href":"http:\/\/parafiajazowsko.pl\/index.php\/wp-json\/wp\/v2\/pages\/26\/revisions"}],"predecessor-version":[{"id":4204,"href":"http:\/\/parafiajazowsko.pl\/index.php\/wp-json\/wp\/v2\/pages\/26\/revisions\/4204"}],"wp:attachment":[{"href":"http:\/\/parafiajazowsko.pl\/index.php\/wp-json\/wp\/v2\/media?parent=26"}],"curies":[{"name":"wp","href":"https:\/\/api.w.org\/{rel}","templated":true}]}}