{"id":45,"date":"2019-12-18T21:32:28","date_gmt":"2019-12-18T20:32:28","guid":{"rendered":"http:\/\/new.parafiajazowsko.pl\/?page_id=45"},"modified":"2021-09-28T20:24:07","modified_gmt":"2021-09-28T18:24:07","slug":"kontakt","status":"publish","type":"page","link":"http:\/\/parafiajazowsko.pl\/index.php\/kontakt\/","title":{"rendered":"Kontakt"},"content":{"rendered":"<h5 style=\"text-align: center;\"><em><span style=\"font-size: 24pt; font-family: 'book antiqua', palatino, serif;\">Parafia pw. Narodzenia Naj\u015bwi\u0119tszej Maryi Panny w Jazowsku<\/span><\/em><\/h5>\n<p style=\"text-align: center;\"><span style=\"font-size: 18pt;\"><strong><span style=\"font-family: 'book antiqua', palatino, serif;\">Jazowsko 46, 33-389<\/span><\/strong><\/span><\/p>\n<p style=\"text-align: center;\"><span style=\"font-size: 18pt;\"><strong><span style=\"font-family: 'book antiqua', palatino, serif;\">e-mail: jazowsko@diecezja.tarnow.pl<\/span><\/strong><\/span><\/p>\n<p style=\"text-align: center;\"><span style=\"font-size: 18pt;\"><strong><span style=\"font-family: 'book antiqua', palatino, serif;\">tel.: 18 444 70 18<\/span><\/strong><\/span><\/p>\n<p style=\"text-align: center;\"><img loading=\"lazy\" decoding=\"async\" class=\" wp-image-1889 aligncenter\" src=\"http:\/\/parafiajazowsko.pl\/wp-content\/uploads\/2020\/12\/images.png\" alt=\"\" width=\"296\" height=\"166\" \/><\/p>\n<p style=\"text-align: center;\"><span style=\"font-family: 'book antiqua', palatino, serif; font-size: 18pt;\">Nr konta parafialnego: 79 8805 0009 0000 3434 2008 0001<\/span><\/p>\n<p style=\"text-align: center;\"><span style=\"font-family: 'book antiqua', palatino, serif; font-size: 18pt;\"><strong>Kancelaria parafialna<\/strong> <strong>jest czynna codziennie p\u00f3\u0142 godziny po wieczornej Mszy \u015bw.<br \/>\nDla kandydat\u00f3w do sakramentu ma\u0142\u017ce\u0144stwa kancelaria czynna jest w ka\u017cd\u0105 SOBOT\u0118 od godz. <span style=\"color: #03a9f4;\">7:30<\/span> do <span style=\"color: #03a9f4;\">9:00<\/span>.<\/strong><\/span><\/p>\n<p>&nbsp;<\/p>\n<p style=\"text-align: justify;\"><span style=\"font-size: 18pt; font-family: 'book antiqua', palatino, serif; color: #000000;\">Pragniemy tak\u017ce zach\u0119ci\u0107 wszystkich do wp\u0142at ofiar na remont naszego ko\u015bcio\u0142a <strong>przelewem bankowym<\/strong>. Istnieje mo\u017cliwo\u015b\u0107 przekazania nawet do <strong>6% darowizny na cele obiekt\u00f3w sakralnych<\/strong>, co w nast\u0119pstwie mo\u017cna odpisa\u0107 sobie w zeznaniu podatkowym.<\/span><\/p>\n<p style=\"text-align: justify;\"><span style=\"font-family: 'book antiqua', palatino, serif; color: #000000;\"><strong><span style=\"font-size: 18pt;\">Poni\u017cej zamieszczamy link do strony wyja\u015bniaj\u0105cej w jaki spos\u00f3b mo\u017cna dokona\u0107 wp\u0142aty przelewem bankowym oraz plik (doc, pdf) z gotowym blankietem do wydruku (zawiera gotowe dane konta parafialnego), gdzie wystarczy poda\u0107 swoje dane i wysoko\u015b\u0107 wp\u0142aty:<\/span><\/strong><\/span><\/p>\n<p style=\"text-align: justify;\"><span style=\"font-size: 18pt; font-family: 'book antiqua', palatino, serif; color: #000000;\"><a style=\"color: #000000;\" href=\"https:\/\/www.e-pity.pl\/odliczenie-darowizny-na-cele-kultu-religijnego-kosciol\/\">https:\/\/www.e-pity.pl\/odliczenie-darowizny-na-cele-kultu-religijnego-kosciol\/<\/a><\/span><\/p>\n<p><span style=\"font-family: 'book antiqua', palatino, serif; color: #000000;\">\u00a0<span style=\"font-size: 18pt;\"><a style=\"color: #000000;\" href=\"http:\/\/parafiajazowsko.pl\/wp-content\/uploads\/2021\/09\/1632855525_druk-przelewu-wplaty.docx\">1632855525_druk-przelewu-wplaty<\/a><\/span><\/span><\/p>\n<p><span style=\"font-size: 18pt; font-family: 'book antiqua', palatino, serif; color: #000000;\"><a style=\"color: #000000;\" href=\"http:\/\/parafiajazowsko.pl\/wp-content\/uploads\/2021\/09\/17faa5479a4d4f93bf938831d1807669-0001-skonwertowany.pdf\">17faa5479a4d4f93bf938831d1807669-0001-skonwertowany<\/a><\/span><\/p>\n<p>&nbsp;<\/p>\n<p style=\"text-align: center;\"><span style=\"font-family: 'book antiqua', palatino, serif; font-size: 18pt;\"><strong><br \/>\n<span style=\"color: #03a9f4; font-family: 'book antiqua', palatino, serif; font-size: 18pt;\">ZASADY WYDAWANIA DOKUMENT\u00d3W:<\/span><\/strong><\/span><\/p>\n<ol>\n<li style=\"text-align: justify;\"><span style=\"font-family: 'book antiqua', palatino, serif; font-size: 18pt;\">Dokumenty takie jak: metryka chrztu, za\u015bwiadczenie do pe\u0142nienia funkcji chrzestnego i inne dokumenty parafialne <strong>mo\u017cna wyda\u0107 jedynie pe\u0142noletniej osobie, kt\u00f3rej one dotycz\u0105<\/strong>. <strong>Dla osoby ma\u0142oletniej dokument odbieraj\u0105 jej rodzice (opiekunowie prawni).<\/strong> Dokument kancelaria wydaje jedynie po stwierdzeniu to\u017csamo\u015bci petenta na podstawie wylegitymowania czyli okazania w\u0142a\u015bciwego dokumentu to\u017csamo\u015bci (dow\u00f3d osobisty).<\/span><\/li>\n<li style=\"text-align: justify;\"><span style=\"font-family: 'book antiqua', palatino, serif; font-size: 18pt;\">Dokumenty w imieniu zainteresowanej osoby <strong>mo\u017ce odebra\u0107 pe\u0142nomocnik<\/strong>, je\u015bli uprzednio przedstawi w kancelarii parafialnej <strong>pisemne pe\u0142nomocnictwo sporz\u0105dzone zgodnie z zasadami prawa cywilnego.\u00a0<\/strong>Wz\u00f3r dokumentu upowa\u017cniaj\u0105cego mo\u017cna pobra\u0107 tutaj: <a href=\"http:\/\/parafiajazowsko.pl\/wp-content\/uploads\/2021\/06\/pelnomocnictwo.doc\">pe\u0142nomocnictwo<\/a><\/span><span style=\"font-family: 'book antiqua', palatino, serif; font-size: 18pt;\"><br \/>\n<\/span><\/li>\n<li style=\"text-align: justify;\"><span style=\"font-family: 'book antiqua', palatino, serif; font-size: 18pt;\">Wszelkie odchylenia od podanych powy\u017cej norm nie b\u0119d\u0105 akceptowalne ani uznawane przez pracownika kancelarii parafialnej.<\/span><\/li>\n<\/ol>\n<p>&nbsp;<\/p>\n<p style=\"text-align: center;\"><span style=\"font-family: 'book antiqua', palatino, serif; font-size: 18pt;\"><strong>\u00a0<\/strong><\/span><\/p>\n","protected":false},"excerpt":{"rendered":"<p>Parafia pw. Narodzenia Naj\u015bwi\u0119tszej Maryi Panny w Jazowsku Jazowsko 46, 33-389 e-mail: jazowsko@diecezja.tarnow.pl tel.: 18 444 70 18 Nr konta parafialnego: 79 8805 0009 0000 3434 2008 0001 Kancelaria parafialna jest czynna codziennie p\u00f3\u0142 godziny po wieczornej Mszy \u015bw. Dla kandydat\u00f3w do sakramentu ma\u0142\u017ce\u0144stwa kancelaria czynna jest w ka\u017cd\u0105 SOBOT\u0118 od godz. 7:30 do 9:00. [&hellip;]<\/p>\n","protected":false},"author":1,"featured_media":0,"parent":0,"menu_order":0,"comment_status":"closed","ping_status":"closed","template":"","meta":{"ngg_post_thumbnail":0,"footnotes":""},"class_list":["post-45","page","type-page","status-publish","hentry"],"_links":{"self":[{"href":"http:\/\/parafiajazowsko.pl\/index.php\/wp-json\/wp\/v2\/pages\/45","targetHints":{"allow":["GET"]}}],"collection":[{"href":"http:\/\/parafiajazowsko.pl\/index.php\/wp-json\/wp\/v2\/pages"}],"about":[{"href":"http:\/\/parafiajazowsko.pl\/index.php\/wp-json\/wp\/v2\/types\/page"}],"author":[{"embeddable":true,"href":"http:\/\/parafiajazowsko.pl\/index.php\/wp-json\/wp\/v2\/users\/1"}],"replies":[{"embeddable":true,"href":"http:\/\/parafiajazowsko.pl\/index.php\/wp-json\/wp\/v2\/comments?post=45"}],"version-history":[{"count":18,"href":"http:\/\/parafiajazowsko.pl\/index.php\/wp-json\/wp\/v2\/pages\/45\/revisions"}],"predecessor-version":[{"id":3817,"href":"http:\/\/parafiajazowsko.pl\/index.php\/wp-json\/wp\/v2\/pages\/45\/revisions\/3817"}],"wp:attachment":[{"href":"http:\/\/parafiajazowsko.pl\/index.php\/wp-json\/wp\/v2\/media?parent=45"}],"curies":[{"name":"wp","href":"https:\/\/api.w.org\/{rel}","templated":true}]}}